git of t?
4
Suppose 0*v - 10*v - 99252 = -19*v. What is the thousands digit of v?
1
Suppose 9*d - 44 = -17. Suppose 5*c + 4*l - 4078 = 0, d*l + 250 = 2*c - 1395. Suppose 9*w = c + 478. What is the tens digit of w?
4
Let n(m) = 250*m + 322. What is the thousands digit of n(35)?
9
Let d be 54*-18*(10/15)/1. Let q = d + 1488. What is the units digit of q?
0
Let g be (4/(-1))/((-6)/(-18)). Let y = -33 - g. What is the tens digit of (-2)/7 + (-1497)/y + 2?
7
Suppose 0*v - 104 = -3*d + 4*v, d - v - 35 = 0. Suppose -a + 38 = d. Suppose a*h - 12*h + 1740 = 0. What is the units digit of h?
4
Suppose 16748424 = 229*u + 195*u. What is the ten thousands digit of u?
3
Let f(t) = 4293*t - 7175. What is the thousands digit of f(11)?
0
Let u(t) = 6*t**2 - 8*t - 12. Suppose -67 + 131 = 4*k. What is the tens digit of u(k)?
9
Suppose -22 = -3*v + v. Suppose -v*c - 2440 = -19*c. What is the hundreds digit of c?
3
Let b be 12 + (150/(-90))/(5/18). Let q(u) = 7 - 1 + 9*u - 1. What is the units digit of q(b)?
9
Suppose -18*g + 11*g + 4242 = 0. Let c = -277 + g. What is the units digit of c?
9
Suppose 15 = -5*m, 3*w - m - 4 = 8. Suppose 474 = -2*u - w*r + 1976, 5*u + 3*r = 3737. Suppose 0 = 16*x - 11*x - u. What is the tens digit of x?
4
Let t(q) = -q**2 + 32*q - 223. Let h be t(9). Let u(y) = 6*y + 137. What is the tens digit of u(h)?
4
Suppose 5*r = -4*y + r - 20, -4*y - 20 = -5*r. Let t be (386/(-8))/(y/(-20)). Let b = -92 - t. What is the hundreds digit of b?
1
Suppose 4*g + 3*x - 98 = 17, 25 = 5*x. Let a = g - 227. Let q = a - -287. What is the tens digit of q?
8
Let j = 183 - 117. Let z = j - -53. What is the units digit of z?
9
Let l = 577 - 19. Suppose 2*p + 3*p + 283 = b, 2*b = 2*p + l. What is the units digit of b?
8
Let i be 1*-188*(-40)/16. Suppose d - 243 = 4*m, 15*d = 13*d + 4*m + i. What is the tens digit of d?
2
What is the hundreds digit of (38850/20 + 15)*4/6?
3
Suppose -5*x = -t - 3833, x - 3*t = -2*x + 2307. Let s = x + -355. What is the hundreds digit of s?
4
Let b = -484 - -313. Let c = 258 + b. What is the tens digit of c?
8
Suppose 354775 = -81*y - 25*y + 2305387. What is the hundreds digit of y?
4
What is the ten thousands digit of -143610*(-13 - 847/(-66))?
2
Suppose 10*f + 297 = 19*f. Suppose -2*n - 5*j = 0, 5*n - f = -0*n + 4*j. What is the units digit of n?
5
Let p(r) = -r**3 - 2*r**2 + 4. Let t(y) = -4*y + 10. Let v be t(3). Let g be p(v). Suppose g*m - 6 - 134 = 0. What is the tens digit of m?
3
Let i = 11734 + -5615. What is the units digit of i?
9
Suppose 0 = -4*v + 32, 14*a - 16304 = 11*a - v. What is the tens digit of a?
3
Suppose -86*m + 283372 = -481426. What is the hundreds digit of m?
8
Let w(p) = 3*p - 43. Let g(c) = -8*c + 130. Let q(h) = 2*g(h) + 7*w(h). Let b be q(8). What is the units digit of 142/2 - ((-4 - -1) + b)?
5
Let x(k) = k**3 - 9*k**2 + 10*k + 6. Let t = 33 + -42. Let v = 18 + t. What is the tens digit of x(v)?
9
Let v = 2042 + 43177. What is the tens digit of v?
1
Suppose x + 5067 = -3*a, -8*a + 2*x - 3370 = -6*a. What is the units digit of a/(-13) + 8/52?
0
Let a(l) = 9*l - 26*l**3 + 30*l**2 + 25*l**3 - 27*l + 12*l**2 - 11*l + 108. What is the tens digit of a(41)?
0
Let p(z) be the third derivative of -1/120*z**6 - 3/10*z**5 - z**2 + 3/2*z**4 + 0*z - 17/6*z**3 + 0. What is the units digit of p(-20)?
3
Suppose -107*n - 20 = -111*n, s - 5645 = 2*n. What is the units digit of s?
5
Suppose -4*b - 14*x + 12*x + 12342 = 0, -5*b + 15433 = -3*x. What is the thousands digit of b?
3
Suppose 0 = -3*t - 2*f + 132, -5*t + 2*f - 76 = -296. Suppose -16*l + t = -7924. Let n = -276 + l. What is the units digit of n?
2
Let c(n) = 33*n**2 - 10*n - 542. What is the thousands digit of c(-14)?
6
What is the hundreds digit of ((-351)/(-585))/((-1)/(-1535))?
9
Suppose -w = 2*r - 58, r - 8 - 12 = 4*w. Suppose -5605 - 4139 = -r*h. What is the tens digit of h?
4
Let d = -3050 + 3061. Let q(h) = h**3 + 14*h**2 - 15. Let u(z) = 3*z**3 + 29*z**2 + z - 31. Let k(o) = 5*q(o) - 2*u(o). What is the units digit of k(d)?
6
Let z = 37 - -20. Suppose -10*d = 9*d - z. Suppose -d*h + 5*q + 475 = 0, 0 = -5*h + q + q + 798. What is the tens digit of h?
6
Let n = 15 - 9. Suppose -2*v + n*c + 1870 = c, -2759 = -3*v - 4*c. Suppose -7*u = -v - 517. What is the tens digit of u?
0
Suppose -65*h + 94*h = 124207. What is the hundreds digit of h?
2
Suppose 0 = -u - 1, s - 3*s = -3*u + 13. Let q(w) = 3*w**2 + 17*w + 25. Let j be q(s). Let f = 86 - j. What is the units digit of f?
5
Let o(d) = 5*d**3 + 19*d**2 - 54*d + 37. Let g(w) = 2*w**3 + 6*w**2 - 18*w + 12. Let j(a) = 17*g(a) - 6*o(a). What is the hundreds digit of j(7)?
8
Let f(n) = 154*n - 22. Let d be f(1). Suppose -4*b + d = -32. What is the tens digit of b?
4
Let k be 0 - 1/(5/20). Let s be 218*((-30)/k + -4). Suppose b = -6*b + s. What is the hundreds digit of b?
1
Suppose -y + j - 5 = 0, 20 = -7*y + 2*y + 4*j. Suppose 6 = 3*x - y. What is the units digit of 491/x - ((-35)/14 + 2)?
6
Let x = 169 + -187. What is the units digit of (-3110)/(-18) + 3*x/(-243)?
3
Suppose -13 = -6*l + 5. Suppose m - 5*d + 6 = 0, 5*m + d - l*d = -30. What is the tens digit of (-9)/6*172/m?
4
Let w(s) = -s**2 - 66*s + 6403. What is the hundreds digit of w(0)?
4
Suppose 2*j + 4*r = 65294, 75*j - 3*r = 70*j + 163144. What is the thousands digit of j?
2
Suppose 78 - 88 = -5*x. Let j(w) = 9*w + 3 + 18*w - 3*w**2 + 29 + x*w**2. What is the units digit of j(28)?
4
Suppose -3*s + 67595 = -4*g, -s = -5*s - g + 90114. What is the tens digit of s?
2
Suppose 0 = -2*c + 3*u + u + 16768, -5*c = 2*u - 41968. What is the thousands digit of c?
8
Let i(z) = 521*z + 945. What is the ten thousands digit of i(19)?
1
Let h = 42 + -24. Let o(g) = g**2 - 16*g - 34. Let x be o(h). Suppose 3*j - 212 = 3*n + 4, 4*j + x*n - 258 = 0. What is the units digit of j?
7
Let l be (-2)/7 - (-9620)/7. Let f = -963 + l. What is the tens digit of f?
1
Suppose -83*d + 85*d - 460 = 0. Suppose 57 = -y - 41. Let x = y + d. What is the tens digit of x?
3
Suppose -4*u - 8785 = 3*t - 68191, -14842 = -u + 4*t. What is the tens digit of u?
5
Let h = -15353 + 26376. What is the units digit of h?
3
What is the thousands digit of (-101034)/(-15) - (1 + (-11)/10)*4?
6
Let c(a) = -a**2 - 7*a - 5. Suppose -b = -0*b - w + 4, 5*b + 20 = -w. Let j be c(b). Suppose -1321 = -j*p - 61. What is the units digit of p?
0
Suppose 64*c + 4371 = 95*c. Let o = 533 + -276. Let v = o - c. What is the hundreds digit of v?
1
Let n(d) = -6*d**2 - 63*d - 89. Let p(x) = 6*x**2 + 62*x + 95. Let b(s) = -7*n(s) - 6*p(s). What is the tens digit of b(-15)?
6
Let o = 84314 + -58015. What is the hundreds digit of o?
2
Let o(n) = -3*n**2 + 30*n + 8. Let j be o(-20). What is the hundreds digit of ((-168)/14 - j)/(1 - -1)?
8
Suppose 0 = -2*t - 5*y - 13, -2*t + 5*y = -0*y - 37. Suppose -r = r - t. Suppose 24 + 216 = r*o. What is the units digit of o?
0
Let s(h) = 230*h**2 - 18*h - 11. What is the thousands digit of s(6)?
8
Let n = -11547 - -13188. What is the hundreds digit of n?
6
Let c be 14 - (4 - (-3 + 13)). Suppose -4*b = c, -2*m - 9*b = -10*b - 571. What is the hundreds digit of m?
2
Let u(l) = 1301*l + 100. What is the hundreds digit of u(8)?
5
What is the hundreds digit of (6/30*-1)/((-3)/225690)?
0
Let n(h) = -43*h**3 - 5*h - 20. What is the tens digit of n(-4)?
5
Suppose 7*g - 614 - 219 = 0. Suppose 5*h - 601 = 2*a, 2*h + 4*a - g - 107 = 0. Suppose -3*i + h = -67. What is the tens digit of i?
6
Let k = 27 + -57. Let t = -30 - k. Suppose h - 52 = -t*h. What is the tens digit of h?
5
Suppose -16*k + 14*k - v + 9 = 0, -6 = -2*v. Suppose s = -r + 427, -k*s = -0*r - 3*r + 1281. What is the tens digit of r?
2
Let m = 28632 + -17879. What is the ten thousands digit of m?
1
Suppose -4*k + 2*v + 22 = 0, 5*v + 24 = 4*k + v. Suppose -3*a + 4*d - 156 = 0, -26 - 7 = a + k*d. What is the units digit of (12/(-8))/(3/a)?
4
Suppose 13*z = 11*z - 12. Let k = z - -8. Suppose k*i = 5*s - 176, 2*s - 64 = -3*i - 5. What is the units digit of s?
4
Suppose 802*c = 781*c + 41727. What is the thousands digit of c?
1
Suppose 3*w - 5*o - 9935 = 0, 0*w - w - o = -3301. What is the tens digit of w?
0
Let n(h) = -h**2 - 2*h + 12. Let t be n(-4). Suppose -2322 = -5*l + t*c, -2*l + c + 0*c = -930. What is the units digit of l?
